{"id":132,"date":"2019-03-02T12:27:13","date_gmt":"2019-03-02T11:27:13","guid":{"rendered":"http:\/\/specautoserwis.pl\/?page_id=132"},"modified":"2026-01-08T10:29:42","modified_gmt":"2026-01-08T09:29:42","slug":"cennik","status":"publish","type":"page","link":"https:\/\/specautoserwis.pl\/?page_id=132","title":{"rendered":"Cennik"},"content":{"rendered":"\t\t<div data-elementor-type=\"wp-post\" data-elementor-id=\"132\" class=\"elementor elementor-132\">\n\t\t\t\t\t\t<section class=\"elementor-section elementor-top-section elementor-element elementor-element-d180988 elementor-section-height-min-height elementor-section-items-bottom elementor-section-boxed elementor-section-height-default\" data-id=\"d180988\" data-element_type=\"section\" data-e-type=\"section\" data-settings=\"{&quot;background_background&quot;:&quot;classic&quot;}\">\n\t\t\t\t\t\t<div class=\"elementor-container elementor-column-gap-default\">\n\t\t\t\t\t<div class=\"elementor-column elementor-col-100 elementor-top-column elementor-element elementor-element-26dd9c5\" data-id=\"26dd9c5\" data-element_type=\"column\" data-e-type=\"column\">\n\t\t\t<div class=\"elementor-widget-wrap elementor-element-populated\">\n\t\t\t\t\t\t<div class=\"elementor-element elementor-element-93a26e9 elementor-widget elementor-widget-heading\" data-id=\"93a26e9\" data-element_type=\"widget\" data-e-type=\"widget\" data-widget_type=\"heading.default\">\n\t\t\t\t<div class=\"elementor-widget-container\">\n\t\t\t\t\t<h1 class=\"elementor-heading-title elementor-size-default\">Cennik\n<\/h1>\t\t\t\t<\/div>\n\t\t\t\t<\/div>\n\t\t\t\t\t<\/div>\n\t\t<\/div>\n\t\t\t\t\t<\/div>\n\t\t<\/section>\n\t\t\t\t<section class=\"elementor-section elementor-top-section elementor-element elementor-element-4852097 elementor-section-boxed elementor-section-height-default elementor-section-height-default\" data-id=\"4852097\" data-element_type=\"section\" data-e-type=\"section\">\n\t\t\t\t\t\t<div class=\"elementor-container elementor-column-gap-default\">\n\t\t\t\t\t<div class=\"elementor-column elementor-col-100 elementor-top-column elementor-element elementor-element-db85dbb\" data-id=\"db85dbb\" data-element_type=\"column\" data-e-type=\"column\">\n\t\t\t<div class=\"elementor-widget-wrap elementor-element-populated\">\n\t\t\t\t\t\t<div class=\"elementor-element elementor-element-a265d3c elementor-widget elementor-widget-html\" data-id=\"a265d3c\" data-element_type=\"widget\" data-e-type=\"widget\" data-widget_type=\"html.default\">\n\t\t\t\t<div class=\"elementor-widget-container\">\n\t\t\t\t\t<span><span><a href=\"https:\/\/specautoserwis.pl\/\">Strona g\u0142\u00f3wna<\/a><\/span><\/span>\r\n\t\t\t\t<\/div>\n\t\t\t\t<\/div>\n\t\t\t\t\t<\/div>\n\t\t<\/div>\n\t\t\t\t\t<\/div>\n\t\t<\/section>\n\t\t\t\t<section class=\"elementor-section elementor-top-section elementor-element elementor-element-4f2d9d4 elementor-section-boxed elementor-section-height-default elementor-section-height-default\" data-id=\"4f2d9d4\" data-element_type=\"section\" data-e-type=\"section\">\n\t\t\t\t\t\t<div class=\"elementor-container elementor-column-gap-default\">\n\t\t\t\t\t<div class=\"elementor-column elementor-col-100 elementor-top-column elementor-element elementor-element-271f9aa\" data-id=\"271f9aa\" data-element_type=\"column\" data-e-type=\"column\">\n\t\t\t<div class=\"elementor-widget-wrap elementor-element-populated\">\n\t\t\t\t\t\t<div class=\"elementor-element elementor-element-f7515de elementor-widget elementor-widget-text-editor\" data-id=\"f7515de\" data-element_type=\"widget\" data-e-type=\"widget\" data-widget_type=\"text-editor.default\">\n\t\t\t\t<div class=\"elementor-widget-container\">\n\t\t\t\t\t\t\t\t\t<p>Cennik nie stanowi oferty handlowej w rozumieniu art. 66, \u00a7 1 Kodeksu Cywilnego i ma charakter czysto informacyjny. Ceny mog\u0105 si\u0119 r\u00f3\u017cni\u0107 w przypadkach niekt\u00f3rych marek i modeli samochod\u00f3w, oraz nie zawieraj\u0105 cen materia\u0142\u00f3w.<\/p>\t\t\t\t\t\t\t\t<\/div>\n\t\t\t\t<\/div>\n\t\t\t\t\t<\/div>\n\t\t<\/div>\n\t\t\t\t\t<\/div>\n\t\t<\/section>\n\t\t\t\t<section class=\"elementor-section elementor-top-section elementor-element elementor-element-3054d101 elementor-section-boxed elementor-section-height-default elementor-section-height-default\" data-id=\"3054d101\" data-element_type=\"section\" data-e-type=\"section\">\n\t\t\t\t\t\t<div class=\"elementor-container elementor-column-gap-default\">\n\t\t\t\t\t<div class=\"elementor-column elementor-col-100 elementor-top-column elementor-element elementor-element-14a9f5e\" data-id=\"14a9f5e\" data-element_type=\"column\" data-e-type=\"column\">\n\t\t\t<div class=\"elementor-widget-wrap elementor-element-populated\">\n\t\t\t\t\t\t<div class=\"elementor-element elementor-element-1572859d elementor-widget elementor-widget-text-editor\" data-id=\"1572859d\" data-element_type=\"widget\" data-e-type=\"widget\" data-widget_type=\"text-editor.default\">\n\t\t\t\t<div class=\"elementor-widget-container\">\n\t\t\t\t\t\t\t\t\t<table>\n<thead>\n<tr>\n<th>Us\u0142uga<\/th>\n<th>Cena<\/th>\n<\/tr>\n<\/thead>\n<tbody>\n<tr>\n<td><a href=\"\/diagnostyka-komputerowa\/\">Diagnostyka komputerowa silnika<\/a><\/td>\n<td>od 100 PLN<\/td>\n<\/tr>\n<tr>\n<td>Ustawienie zbie\u017cno\u015bci &#8211; geometria k\u00f3\u0142<\/td>\n<td>od 100 PLN<\/td>\n<\/tr>\n<tr>\n<td>Wymiana opon felga stalowa kpl. z wywa\u017ceniem<\/td>\n<td>od 110 PLN<\/td>\n<\/tr>\n<tr>\n<td>Wymiana opon &#8211; alufelgi kpl. z wywa\u017ceniem<\/td>\n<td>od 120 PLN<\/td>\n<\/tr>\n<tr>\n<td>Elektryka samochodowa cena netto za r\/h<\/td>\n<td>&nbsp; &nbsp; &nbsp;250 PLN<\/td>\n<\/tr>\n<tr>\n<td>Klimatyzacja &#8211; nape\u0142nianie<\/td>\n<td>od 150PLN<\/td>\n<\/tr>\n<tr>\n<td>Klimatyzacja &#8211; odgrzybianie chemiczne<\/td>\n<td>od 100 PLN<\/td>\n<\/tr>\n<tr>\n<td>Klimatyzacja &#8211; ozonowanie<\/td>\n<td>od 60 PLN<\/td>\n<\/tr>\n<tr>\n<td>Konserwacja podwozia<\/td>\n<td>od 1500 PLN<\/td>\n<\/tr>\n<tr>\n<td>Monta\u017c haka holowniczego<\/td>\n<td>od 500 PLN<\/td>\n<\/tr>\n<tr>\n<td>Naprawa przewodu klimatyzacji<\/td>\n<td>od 120 PLN<\/td>\n<\/tr>\n<tr>\n<td>Naprawa uk\u0142ad\u00f3w wydechowych<\/td>\n<td>od 50 PLN<\/td>\n<\/tr>\n<tr>\n<td>Naprawa wspomagania kierownicy<\/td>\n<td>od 100 PLN<\/td>\n<\/tr>\n<tr>\n<td>Przegl\u0105d auta przed zakupem<\/td>\n<td>od 150<br>do 250 PLN<\/td>\n<\/tr>\n<tr>\n<td>Regeneracja belki skr\u0119tnej w autach francuskich<\/td>\n<td>od 800 PLN<\/td>\n<\/tr>\n<tr>\n<td>Regeneracja filtra cz\u0105stek sta\u0142ych DPF FAP<\/td>\n<td>od 300 PLN<\/td>\n<\/tr>\n<tr>\n<td>Regeneracja przek\u0142adni kierowniczej<\/td>\n<td>od 550 PLN<\/td>\n<\/tr>\n<tr>\n<td>Regeneracja turbospr\u0119\u017carki<\/td>\n<td>od 700 PLN<\/td>\n<\/tr>\n<tr>\n<td>Regeneracja wtryskiwacza CR<\/td>\n<td>od 500 PLN<\/td>\n<\/tr>\n<tr>\n<td>Regeneracja zacisku hamulcowego<\/td>\n<td>od 150 PLN<\/td>\n<\/tr>\n<tr>\n<td>Regulacja luz\u00f3w zaworowych<\/td>\n<td>od 150 PLN<\/td>\n<\/tr>\n<tr>\n<td>Sprawdzenie szczelno\u015bci klimatyzacji<\/td>\n<td>od 100 PLN<\/td>\n<\/tr>\n<tr>\n<td>Statyczna <a href=\"\/naprawa-pojazdow\/\">wymiana oleju skrzynia automatyczna<\/a><\/td>\n<td>od 120<br>do 250 PLN<\/td>\n<\/tr>\n<tr>\n<td>Usuni\u0119cie filtra cz\u0105stek sta\u0142ych DPF FAP usuni\u0119cie elektroniczne i mechaniczne<\/td>\n<td>od 900 PLN<\/td>\n<\/tr>\n<tr>\n<td>Wykr\u0119canie urwanych \u015bwiec zap\u0142onowych<\/td>\n<td>od 250 PLN<\/td>\n<\/tr>\n<tr>\n<td>Wykr\u0119canie urwanych \u015bwiec \u017carowych<\/td>\n<td>od 300 PLN<\/td>\n<\/tr>\n<tr>\n<td>ABS naprawa<\/td>\n<td>od 100 PLN<\/td>\n<\/tr>\n<tr>\n<td>Wymiana amortyzatora<\/td>\n<td>od 100 PLN<\/td>\n<\/tr>\n<tr>\n<td>Wymiana b\u0119bn\u00f3w hamulcowych<\/td>\n<td>od 150 PLN<\/td>\n<\/tr>\n<tr>\n<td>Wymiana ch\u0142odnicy klimatyzacji<\/td>\n<td>od 200 PLN<\/td>\n<\/tr>\n<tr>\n<td>Wymiana dr\u0105\u017cka kierowniczego<\/td>\n<td>od 80 PLN<\/td>\n<\/tr>\n<tr>\n<td>Wymiana filtra kabinowego<\/td>\n<td>od 50 PLN<\/td>\n<\/tr>\n<tr>\n<td>Wymiana klock\u00f3w hamulcowych cena za o\u015b<\/td>\n<td>od 150 PLN<\/td>\n<\/tr>\n<tr>\n<td>Wymiana ko\u0144c\u00f3wki dr\u0105\u017cka<\/td>\n<td>od 80 PLN<\/td>\n<\/tr>\n<tr>\n<td>Wymiana \u0142a\u0144cucha rozrz\u0105du<\/td>\n<td>od 800 PLN<\/td>\n<\/tr>\n<tr>\n<td>Wymiana \u0142o\u017cyska w kole<\/td>\n<td>od 150 PLN<\/td>\n<\/tr>\n<tr>\n<td>Wymiana misy olejowej<\/td>\n<td>od 150 PLN<\/td>\n<\/tr>\n<tr>\n<td>Wymiana oleju silnikowego<\/td>\n<td>od 80 PLN<\/td>\n<\/tr>\n<tr>\n<td>Wymiana oleju skrzynia bieg\u00f3w manualna<\/td>\n<td>od 80 PLN<\/td>\n<\/tr>\n<tr>\n<td>Wymiana alternatora<\/td>\n<td>od 150 PLN<\/td>\n<\/tr>\n<tr>\n<td>Wymiana osuszacza klimatyzacji<\/td>\n<td>od 100 PLN<\/td>\n<\/tr>\n<tr>\n<td>Wymiana paska klinowego<\/td>\n<td>od 80 PLN<\/td>\n<\/tr>\n<tr>\n<td>Wymiana p\u0142ynu ch\u0142odz\u0105cego<\/td>\n<td>od 120 PLN<\/td>\n<\/tr>\n<tr>\n<td>Wymiana przek\u0142adni kierowniczej<\/td>\n<td>od 300 PLN<\/td>\n<\/tr>\n<tr>\n<td>Wymiana przewodu hamulcowego<\/td>\n<td>od 80 PLN<\/td>\n<\/tr>\n<tr>\n<td>Wymiana rozrusznika<\/td>\n<td>od 150 PLN<\/td>\n<\/tr>\n<tr>\n<td>Wymiana rozrz\u0105du silnik benzynowy 16 zaworowy<\/td>\n<td>od 500 PLN<\/td>\n<\/tr>\n<tr>\n<td>Wymiana rozrz\u0105du silnik diesel<\/td>\n<td>od 500 PLN<\/td>\n<\/tr>\n<tr>\n<td>Wymiana spr\u0119\u017carki klimatyzacji<\/td>\n<td>od 250 PLN<\/td>\n<\/tr>\n<tr>\n<td>Wymiana sprz\u0119g\u0142a<\/td>\n<td>od 600 PLN<\/td>\n<\/tr>\n<tr>\n<td>Wymiana sworznia wahacza<\/td>\n<td>od 80 PLN<\/td>\n<\/tr>\n<tr>\n<td>Wymiana szcz\u0119k hamulcowych<\/td>\n<td>od 150 PLN<\/td>\n<\/tr>\n<tr>\n<td>Wymiana \u015bwiec zap\u0142onowych<\/td>\n<td>od 150 PLN<\/td>\n<\/tr>\n<tr>\n<td>Wymiana \u015bwiec \u017carowych<\/td>\n<td>od 150 PLN<\/td>\n<\/tr>\n<tr>\n<td>Wymiana tarcz hamulcowych z pomiarem bicia<\/td>\n<td>od 150 PLN<\/td>\n<\/tr>\n<tr>\n<td>Wymiana t\u0142umika<\/td>\n<td>od 80 PLN<\/td>\n<\/tr>\n<tr>\n<td>Wymiana tulei wahacza<\/td>\n<td>od 60 PLN<\/td>\n<\/tr>\n<tr>\n<td>Wymiana turbospr\u0119\u017carki<\/td>\n<td>od 300 PLN<\/td>\n<\/tr>\n<tr>\n<td>Wymiana uszczelki pod g\u0142owic\u0105<\/td>\n<td>od 1000 PLN<\/td>\n<\/tr>\n<tr>\n<td>Wymiana uszczelki pod g\u0142owic\u0105 silnik diesel<\/td>\n<td>od 1000 PLN<\/td>\n<\/tr>\n<tr>\n<td>Wymiana uszczelki pokrywy zawor\u00f3w<\/td>\n<td>od 150 PLN<\/td>\n<\/tr>\n<tr>\n<td>Wymiana wahacza<\/td>\n<td>od 100 PLN<\/td>\n<\/tr>\n<tr>\n<td>Wymiana wtryskiwacza CR<\/td>\n<td>od 80 PLN<\/td>\n<\/tr>\n<tr>\n<td>Zawieszenie pneumatyczne naprawa<\/td>\n<td>od 200 PLN<\/td>\n<\/tr>\n<\/tbody>\n<\/table>\n<p><!-- \/wp:table --><\/p>\t\t\t\t\t\t\t\t<\/div>\n\t\t\t\t<\/div>\n\t\t\t\t\t<\/div>\n\t\t<\/div>\n\t\t\t\t\t<\/div>\n\t\t<\/section>\n\t\t\t\t<section class=\"elementor-section elementor-top-section elementor-element elementor-element-135055a elementor-section-boxed elementor-section-height-default elementor-section-height-default\" data-id=\"135055a\" data-element_type=\"section\" data-e-type=\"section\">\n\t\t\t\t\t\t<div class=\"elementor-container elementor-column-gap-default\">\n\t\t\t\t\t<div class=\"elementor-column elementor-col-100 elementor-top-column elementor-element elementor-element-1a91322\" data-id=\"1a91322\" data-element_type=\"column\" data-e-type=\"column\">\n\t\t\t<div class=\"elementor-widget-wrap\">\n\t\t\t\t\t\t\t<\/div>\n\t\t<\/div>\n\t\t\t\t\t<\/div>\n\t\t<\/section>\n\t\t\t\t<\/div>\n\t\t","protected":false},"excerpt":{"rendered":"<p>Cennik Cennik nie stanowi oferty handlowej w rozumieniu art. 66, \u00a7 1 Kodeksu Cywilnego i ma charakter czysto informacyjny. Ceny [&hellip;]<\/p>\n","protected":false},"author":1,"featured_media":0,"parent":0,"menu_order":0,"comment_status":"closed","ping_status":"open","template":"","meta":{"site-sidebar-layout":"default","site-content-layout":"","ast-site-content-layout":"default","site-content-style":"default","site-sidebar-style":"default","ast-global-header-display":"","ast-banner-title-visibility":"","ast-main-header-display":"","ast-hfb-above-header-display":"","ast-hfb-below-header-display":"","ast-hfb-mobile-header-display":"","site-post-title":"","ast-breadcrumbs-content":"","ast-featured-img":"","footer-sml-layout":"","ast-disable-related-posts":"","theme-transparent-header-meta":"","adv-header-id-meta":"","stick-header-meta":"","header-above-stick-meta":"","header-main-stick-meta":"","header-below-stick-meta":"","astra-migrate-meta-layouts":"default","ast-page-background-enabled":"default","ast-page-background-meta":{"desktop":{"background-color":"var(--ast-global-color-5)","background-image":"","background-repeat":"repeat","background-position":"center center","background-size":"auto","background-attachment":"scroll","background-type":"","background-media":"","overlay-type":"","overlay-color":"","overlay-opacity":"","overlay-gradient":""},"tablet":{"background-color":"","background-image":"","background-repeat":"repeat","background-position":"center center","background-size":"auto","background-attachment":"scroll","background-type":"","background-media":"","overlay-type":"","overlay-color":"","overlay-opacity":"","overlay-gradient":""},"mobile":{"background-color":"","background-image":"","background-repeat":"repeat","background-position":"center center","background-size":"auto","background-attachment":"scroll","background-type":"","background-media":"","overlay-type":"","overlay-color":"","overlay-opacity":"","overlay-gradient":""}},"ast-content-background-meta":{"desktop":{"background-color":"var(--ast-global-color-4)","background-image":"","background-repeat":"repeat","background-position":"center center","background-size":"auto","background-attachment":"scroll","background-type":"","background-media":"","overlay-type":"","overlay-color":"","overlay-opacity":"","overlay-gradient":""},"tablet":{"background-color":"var(--ast-global-color-4)","background-image":"","background-repeat":"repeat","background-position":"center center","background-size":"auto","background-attachment":"scroll","background-type":"","background-media":"","overlay-type":"","overlay-color":"","overlay-opacity":"","overlay-gradient":""},"mobile":{"background-color":"var(--ast-global-color-4)","background-image":"","background-repeat":"repeat","background-position":"center center","background-size":"auto","background-attachment":"scroll","background-type":"","background-media":"","overlay-type":"","overlay-color":"","overlay-opacity":"","overlay-gradient":""}},"footnotes":""},"class_list":["post-132","page","type-page","status-publish","hentry"],"_links":{"self":[{"href":"https:\/\/specautoserwis.pl\/index.php?rest_route=\/wp\/v2\/pages\/132","targetHints":{"allow":["GET"]}}],"collection":[{"href":"https:\/\/specautoserwis.pl\/index.php?rest_route=\/wp\/v2\/pages"}],"about":[{"href":"https:\/\/specautoserwis.pl\/index.php?rest_route=\/wp\/v2\/types\/page"}],"author":[{"embeddable":true,"href":"https:\/\/specautoserwis.pl\/index.php?rest_route=\/wp\/v2\/users\/1"}],"replies":[{"embeddable":true,"href":"https:\/\/specautoserwis.pl\/index.php?rest_route=%2Fwp%2Fv2%2Fcomments&post=132"}],"version-history":[{"count":10,"href":"https:\/\/specautoserwis.pl\/index.php?rest_route=\/wp\/v2\/pages\/132\/revisions"}],"predecessor-version":[{"id":1824,"href":"https:\/\/specautoserwis.pl\/index.php?rest_route=\/wp\/v2\/pages\/132\/revisions\/1824"}],"wp:attachment":[{"href":"https:\/\/specautoserwis.pl\/index.php?rest_route=%2Fwp%2Fv2%2Fmedia&parent=132"}],"curies":[{"name":"wp","href":"https:\/\/api.w.org\/{rel}","templated":true}]}}