{"id":1442,"date":"2023-10-13T13:17:07","date_gmt":"2023-10-13T11:17:07","guid":{"rendered":"https:\/\/specautoserwis.pl\/?page_id=1442"},"modified":"2025-02-20T12:34:30","modified_gmt":"2025-02-20T11:34:30","slug":"serwis-opel","status":"publish","type":"page","link":"https:\/\/specautoserwis.pl\/?page_id=1442","title":{"rendered":"Serwis Opel"},"content":{"rendered":"\t\t<div data-elementor-type=\"wp-page\" data-elementor-id=\"1442\" class=\"elementor elementor-1442\">\n\t\t\t\t\t\t<section class=\"elementor-section elementor-top-section elementor-element elementor-element-1ec0f89 elementor-section-boxed elementor-section-height-default elementor-section-height-default\" data-id=\"1ec0f89\" data-element_type=\"section\" data-e-type=\"section\">\n\t\t\t\t\t\t<div class=\"elementor-container elementor-column-gap-default\">\n\t\t\t\t\t<div class=\"elementor-column elementor-col-100 elementor-top-column elementor-element elementor-element-837b8ce\" data-id=\"837b8ce\" data-element_type=\"column\" data-e-type=\"column\">\n\t\t\t<div class=\"elementor-widget-wrap elementor-element-populated\">\n\t\t\t\t\t\t<div class=\"elementor-element elementor-element-097a50c elementor-widget elementor-widget-shortcode\" data-id=\"097a50c\" data-element_type=\"widget\" data-e-type=\"widget\" data-widget_type=\"shortcode.default\">\n\t\t\t\t<div class=\"elementor-widget-container\">\n\t\t\t\t\t\t\t<div class=\"elementor-shortcode\"><span><span><a href=\"https:\/\/specautoserwis.pl\/\">Strona g\u0142\u00f3wna<\/a><\/span><\/span><\/div>\n\t\t\t\t\t\t<\/div>\n\t\t\t\t<\/div>\n\t\t\t\t<div class=\"elementor-element elementor-element-4e279b42 elementor-widget elementor-widget-text-editor\" data-id=\"4e279b42\" data-element_type=\"widget\" data-e-type=\"widget\" data-widget_type=\"text-editor.default\">\n\t\t\t\t<div class=\"elementor-widget-container\">\n\t\t\t\t\t\t\t\t\t<h1>Serwis Opel \u2013 Bia\u0142ystok<\/h1>\r\nW naszym <strong>serwisie Opla<\/strong> zajmujemy si\u0119 naprawami samochod\u00f3w r\u00f3\u017cnych generacji. Przeprowadzamy diagnostyk\u0119, kt\u00f3ra pozwala na okre\u015blenie og\u00f3lnego stanu technicznego pojazdu i wykrycie przyczyn pojawienia si\u0119 konkretnych kontrolek. W tym celu wykorzystujemy specjalne oprogramowanie. Dzi\u0119ki niemu mo\u017cliwe jest poznanie parametr\u00f3w technicznych auta bez konieczno\u015bci demonta\u017cu wa\u017cnych element\u00f3w. Wystarczy podpi\u0105\u0107 komputer pok\u0142adowy do naszego urz\u0105dzenia, by zyska\u0107 wgl\u0105d w serce samochodu i okre\u015bli\u0107, dlaczego na desce rozdzielczej pojawi\u0142y si\u0119 konkretne kontrolki.\r\n\r\nNaprawiamy r\u00f3\u017cne uk\u0142ady i podzespo\u0142y znajduj\u0105ce si\u0119 w pojazdach. To m.in.:\r\n<ul>\r\n \t<li>uk\u0142ad hamulcowy,<\/li>\r\n \t<li>silnik,<\/li>\r\n \t<li>uk\u0142ad ch\u0142odniczy,<\/li>\r\n \t<li>klimatyzacja,<\/li>\r\n \t<li>ko\u0142a i zawieszenie,<\/li>\r\n \t<li>reflektory,<\/li>\r\n \t<li>elektronika.<\/li>\r\n<\/ul>\r\n<strong>Wykonujemy r\u00f3wnie\u017c rutynowe wymiany,<\/strong> kt\u00f3re nale\u017cy przeprowadza\u0107 co najmniej raz na kilka miesi\u0119cy. Montujemy nowe filtry powietrza i kabinowe oraz klocki i tarcze hamulcowe. \u015awiadczymy te\u017c us\u0142ugi z zakresu wulkanizacji, naprawiaj\u0105c uszkodzone opony czy felgi. Mo\u017cemy te\u017c pom\u00f3c zmieni\u0107 je na odpowiedni komplet, w zale\u017cno\u015bci od pory roku.\r\n<h2>Jakie samochody serwisujemy w naszym warsztacie?<\/h2>\r\nZajmujemy si\u0119 serwisem r\u00f3\u017cnych samochod\u00f3w marki Opel. To zar\u00f3wno pojazdy osobowe, jak i dostawcze. Naprawiamy auta wypuszczone na rynek nawet kilkana\u015bcie lat temu, a tak\u017ce te zupe\u0142nie nowe. Mo\u017cemy przeprowadzi\u0107 rutynow\u0105 kontrol\u0119 stanu technicznego pojazdu, a tak\u017ce usun\u0105\u0107 ju\u017c zdiagnozowane usterki, kt\u00f3re zagra\u017caj\u0105 bezpiecze\u0144stwu jazdy.\r\n\r\nZajmujemy si\u0119 serwisem samochod\u00f3w zasilanych benzyn\u0105, gazem czy olejem nap\u0119dowym, a tak\u017ce pojazd\u00f3w hybrydowych i elektrycznych. Nasi specjali\u015bci wiedz\u0105, jakie usterki pojawiaj\u0105 si\u0119 najcz\u0119\u015bciej w konkretnych autach, co przyspiesza prac\u0119. Potrafi\u0105 szybko rozpozna\u0107 awarie \u2013 nawet te, kt\u00f3re nie s\u0105 widoczne go\u0142ym okiem. <strong>Wykorzystujemy bowiem nowoczesne oprogramowanie komputerowe,<\/strong> kt\u00f3re pozwala na wykrycie tak\u017ce tych usterek, kt\u00f3re trudno zauwa\u017cy\u0107 w inny spos\u00f3b. Podobne metody wykorzystujemy te\u017c podczas <a href=\"\/serwis-peugeot\">serwisu Peugeot<\/a> i\u00a0pojazd\u00f3w innych marek.\r\n\r\nSerwisujemy pojazdy w r\u00f3\u017cnym stanie technicznym. Na samym pocz\u0105tku przeprowadzamy diagnostyk\u0119, kt\u00f3ra pozwala sprawdzi\u0107, jakie usterki wyst\u0119puj\u0105 w konstrukcji samochodu. Na tej podstawie mo\u017cemy oceni\u0107 cen\u0119 i termin realizacji us\u0142ugi. Wsp\u00f3lnie z klientem ustalamy, czy w danym przypadku naprawa jest op\u0142acalna, a je\u015bli tak \u2013 jakie cz\u0119\u015bci zamienne mamy zastosowa\u0107.\t\t\t\t\t\t\t\t<\/div>\n\t\t\t\t<\/div>\n\t\t\t\t\t<\/div>\n\t\t<\/div>\n\t\t\t\t\t<\/div>\n\t\t<\/section>\n\t\t\t\t<\/div>\n\t\t","protected":false},"excerpt":{"rendered":"<p>Serwis Opel \u2013 Bia\u0142ystok W naszym serwisie Opla zajmujemy si\u0119 naprawami samochod\u00f3w r\u00f3\u017cnych generacji. Przeprowadzamy diagnostyk\u0119, kt\u00f3ra pozwala na okre\u015blenie [&hellip;]<\/p>\n","protected":false},"author":2,"featured_media":0,"parent":0,"menu_order":0,"comment_status":"closed","ping_status":"closed","template":"elementor_header_footer","meta":{"site-sidebar-layout":"default","site-content-layout":"","ast-site-content-layout":"default","site-content-style":"default","site-sidebar-style":"default","ast-global-header-display":"","ast-banner-title-visibility":"","ast-main-header-display":"","ast-hfb-above-header-display":"","ast-hfb-below-header-display":"","ast-hfb-mobile-header-display":"","site-post-title":"","ast-breadcrumbs-content":"","ast-featured-img":"","footer-sml-layout":"","ast-disable-related-posts":"","theme-transparent-header-meta":"","adv-header-id-meta":"","stick-header-meta":"","header-above-stick-meta":"","header-main-stick-meta":"","header-below-stick-meta":"","astra-migrate-meta-layouts":"default","ast-page-background-enabled":"default","ast-page-background-meta":{"desktop":{"background-color":"var(--ast-global-color-5)","background-image":"","background-repeat":"repeat","background-position":"center center","background-size":"auto","background-attachment":"scroll","background-type":"","background-media":"","overlay-type":"","overlay-color":"","overlay-opacity":"","overlay-gradient":""},"tablet":{"background-color":"","background-image":"","background-repeat":"repeat","background-position":"center center","background-size":"auto","background-attachment":"scroll","background-type":"","background-media":"","overlay-type":"","overlay-color":"","overlay-opacity":"","overlay-gradient":""},"mobile":{"background-color":"","background-image":"","background-repeat":"repeat","background-position":"center center","background-size":"auto","background-attachment":"scroll","background-type":"","background-media":"","overlay-type":"","overlay-color":"","overlay-opacity":"","overlay-gradient":""}},"ast-content-background-meta":{"desktop":{"background-color":"var(--ast-global-color-4)","background-image":"","background-repeat":"repeat","background-position":"center center","background-size":"auto","background-attachment":"scroll","background-type":"","background-media":"","overlay-type":"","overlay-color":"","overlay-opacity":"","overlay-gradient":""},"tablet":{"background-color":"var(--ast-global-color-4)","background-image":"","background-repeat":"repeat","background-position":"center center","background-size":"auto","background-attachment":"scroll","background-type":"","background-media":"","overlay-type":"","overlay-color":"","overlay-opacity":"","overlay-gradient":""},"mobile":{"background-color":"var(--ast-global-color-4)","background-image":"","background-repeat":"repeat","background-position":"center center","background-size":"auto","background-attachment":"scroll","background-type":"","background-media":"","overlay-type":"","overlay-color":"","overlay-opacity":"","overlay-gradient":""}},"footnotes":""},"class_list":["post-1442","page","type-page","status-publish","hentry"],"_links":{"self":[{"href":"https:\/\/specautoserwis.pl\/index.php?rest_route=\/wp\/v2\/pages\/1442","targetHints":{"allow":["GET"]}}],"collection":[{"href":"https:\/\/specautoserwis.pl\/index.php?rest_route=\/wp\/v2\/pages"}],"about":[{"href":"https:\/\/specautoserwis.pl\/index.php?rest_route=\/wp\/v2\/types\/page"}],"author":[{"embeddable":true,"href":"https:\/\/specautoserwis.pl\/index.php?rest_route=\/wp\/v2\/users\/2"}],"replies":[{"embeddable":true,"href":"https:\/\/specautoserwis.pl\/index.php?rest_route=%2Fwp%2Fv2%2Fcomments&post=1442"}],"version-history":[{"count":10,"href":"https:\/\/specautoserwis.pl\/index.php?rest_route=\/wp\/v2\/pages\/1442\/revisions"}],"predecessor-version":[{"id":1791,"href":"https:\/\/specautoserwis.pl\/index.php?rest_route=\/wp\/v2\/pages\/1442\/revisions\/1791"}],"wp:attachment":[{"href":"https:\/\/specautoserwis.pl\/index.php?rest_route=%2Fwp%2Fv2%2Fmedia&parent=1442"}],"curies":[{"name":"wp","href":"https:\/\/api.w.org\/{rel}","templated":true}]}}